ative of 1/12*y**4 - 28*y - 3/2*y**2 + 38 + 1/3*y**3. Let p(l) be the first derivative of i(l). What is p(2)?
5
Let w(d) = -10*d + 401. Let n be 2/((-20)/(-35) - (-73)/(-140)). Determine w(n).
1
Suppose -6*i = -2*i - 96. Let c = -23 + i. Let q(t) = 3*t**2 + 3 - 2 + 4*t**3 - t**2 - 2. Give q(c).
5
Suppose -3*x + 3*d = -9, -4*x + 82 = 5*d + 151. Let c(a) be the first derivative of a**2/2 + 2*a - 1. Give c(x).
-4
Suppose -8*m - 16 - 16 = 0. Let q be m + 6/(3/((-60)/(-8))). Let k(j) = j**3 - 11*j**2 + j - 13. Calculate k(q).
-2
Let u(g) = 2*g**2 + 19*g + 28. Let j(r) be the second derivative of -r**4/12 - 3*r**3/2 - 13*r**2/2 - 241*r. Let t(p) = 13*j(p) + 6*u(p). Calculate t(-5).
-11
Let y(x) = 7*x - 4. Let h(z) = -6*z + 4. Let a = 7 + -4. Suppose 40*l - 119 = 41. Let c(q) = a*y(q) + l*h(q). Give c(6).
-14
Suppose 4*a - 26 = 2*c, 5*a - 2*c + 7*c - 70 = 0. Let p(d) = -3*d + 11 + 3*d + d - a. Calculate p(-4).
-2
Let w(y) = -5*y + 5*y + 8*y. Let j = 82 - 79. Suppose j*u + 7 = 10*u. Calculate w(u).
8
Let g = 11813 + -11822. Let r(z) = 8*z + 54. Determine r(g).
-18
Let w(d) = -d**2 + 3. Let q = 99 - 95. Let f be ((-16)/q)/(-12)*(-7 - 2). Calculate w(f).
-6
Let m(w) = -8*w + 7. Let k = -5444 + 5448. Determine m(k).
-25
Let m(i) = -10*i - 178. Let f(r) = -6*r - 95. Let p(b) = -11*f(b) + 6*m(b). Determine p(3).
-5
Let v(k) = -2636*k - 408 - 30 + 2709*k. Determine v(6).
0
Let o(r) = 17*r**2 - 1. Let w be o(1). Let q(b) be the first derivative of b**3/3 - 8*b**2 - 7*b - 30722. Determine q(w).
-7
Let d(u) = -17*u - 3. Let b(j) = 117*j - 239. Let p be b(2). Determine d(p).
82
Let f be (-3648)/1786 + (-4)/(-94). Let j(h) be the first derivative of -h**3 - 2*h**2 - 3*h + 1. Calculate j(f).
-7
Let v(y) = -y - 17. Let a be (4/6)/(5*8/300). Suppose -a*u - u = 4*u. What is v(u)?
-17
Let f(g) = g**2. Let s(i) be the second derivative of -i**3/6 - 13*i**2 - 4*i. Let l be s(-28). Determine f(l).
4
Let i(r) = -26*r + 201. Let n(q) = -4*q + 41. Let f(m) = 2*i(m) - 11*n(m). What is f(-13)?
55
Suppose 0 = 4*h + 3*z + 52, -5*z - 38 = 2*h + 2. Let x(s) = -s**2 - 10*s - 19. Determine x(h).
-19
Let n(c) = -4*c - 61. Let x = -997 + 987. Calculate n(x).
-21
Suppose 29*i = 39 - 184. Let j(k) = 11*k + 17. Let p(l) = 10*l + 14. Let x(w) = i*j(w) + 6*p(w). Suppose -4*s + 2*s - 2 = 2*m, 16 = -4*s. What is x(m)?
14
Let y(h) = -7*h**2 - 14*h + 7. Let w(d) = -9*d**2 - 13*d + 16. Let n(r) = -3*w(r) + 4*y(r). Calculate n(-14).
22
Let z = 0 - 0. Let h(q) = 31*q - 7. Let u(y) be the third derivative of 3*y**4/2 - y**3 - 5*y**2 + 3*y. Let x(d) = 7*h(d) - 6*u(d). Calculate x(z).
-13
Let c(o) = 23*o**3 - 50*o**2 + 121*o + 49. Let g(r) = 4*r**3 - 8*r**2 + 20*r + 8. Let d(j) = 3*c(j) - 17*g(j). Calculate d(12).
-1
Suppose 18 = 4*q + 2*q. Let a be 1/(q/(-4) + (-85)/(-140)). Let m(y) = -y**3 - 8*y**2 - 9*y - 5. Calculate m(a).
9
Let l(b) = 8*b**2 + 2*b. Let x(m) = m**3 - m**2 + 100*m - 101. Let t be x(1). Give l(t).
6
Let b(p) = -9*p**2 - 49*p + 6. Let m be b(-5). Suppose -m*q - 12 + 64 = 0. Let z(w) = w**3 - 3*w**2 + w - 1. What is z(q)?
-3
Suppose h = -3*i + 3*h + 1, 0 = -3*i + 5*h + 16. Let o(c) = 3*c**2 - 2*c + 1. Let y(q) = q**2 - q + 1. Let p(u) = o(u) - 5*y(u). Calculate p(i).
-31
Let z(q) = 7*q + 32. Suppose -2*y + 5*t - 18 = 12, 4*y + 5*t = 0. Determine z(y).
-3
Suppose -m = -3*m + 5*f + 11, 0 = 4*m + f - 55. Let p(n) = 4*n**2 - n + 14*n - m + 2*n**2 - 5*n**2. Give p(-12).
-25
Suppose 88 = 4*i + 4*o, 3*i + 4*o - 115 = -46. Let x(l) = -l**3 + 20*l**2 - 21*l + 35. What is x(i)?
-3
Suppose -i = -3*k + 24, 14*k + 36 = i + 17*k. Suppose 4*y - 46 = -5*t, -3*t + 2 = -4*t + 2*y. Let d(n) = 2 + 2*n - n**2 + t*n - 7. Give d(i).
7
Let a(w) be the second derivative of -5*w**3/3 + 3*w**2/2 + 3*w. Let i be (53 - 52)/(((-18)/10)/9). Determine a(i).
53
Suppose 6*t - 4*t = -2. Let c(v) = -82*v - 76 - 25*v**2 + 78*v + 83. Let f(n) = 26*n**2 + 6*n - 9. Let m(o) = 4*c(o) + 3*f(o). What is m(t)?
-23
Let g(h) be the second derivative of -h**5/40 - h**4/24 - 23*h**3/6 + h**2/2 - 2*h + 37. Let r(c) be the second derivative of g(c). What is r(1)?
-4
Let b(y) = -y - 3. Suppose 0*k - 9*k - 17 = -71. What is b(k)?
-9
Suppose 3*p = -2*l + 7, 0*l + 19 = -l + 3*p. Let j(g) = -g**2 - 9*g - 9. Let r be j(l). Let b(u) = 3*u**2 + 4 - r*u**2 + 3*u + 9*u**2. Calculate b(-5).
14
Suppose 2*p - 5*m - 5 = 1, -9 = -3*p + 2*m. Let c = p - 10. Let r(g) = g**3 + 6*g**2 - 3*g + 9. Determine r(c).
-19
Let d(q) = 18*q - 38*q + 8*q + 13*q - 6. Calculate d(-6).
-12
Let s = -373 + 439. Let h = 70 - s. Let k(n) = n**3 - 3*n**2. Give k(h).
16
Let i(b) = 52*b**2 + 18*b**2 - 78*b**2 - 39*b + 39 + 10*b**2. Give i(19).
20
Suppose 0 = -5*p - 4*y + 60, -3*y + 9 = -6. Let j be (p + -9)*2*3/(-3). Let a(l) = 2*l**2 - l. Give a(j).
6
Let y(n) = n**2 - 6*n + 9. Suppose -3*t - 1 + 0 = -2*g, 5*t + 2 = 3*g. Let r be 7 + (-1 - 4 - g). Let k be (14/6)/(r + (-32)/12). What is y(k)?
16
Let n be -1 + 2 - (10 + -9 + 4). Let z(h) = h**3 - 4*h**2 + 12*h - 14. Let l(o) = -o**3 + 3*o**2 - 11*o + 12. Let i(r) = 7*l(r) + 6*z(r). Determine i(n).
36
Let c(z) = 2*z - 18. Let x(i) = -2*i + 18. Let y(h) = -5*c(h) - 6*x(h). Let q be (-264)/(-30) - 76/95. Determine y(q).
-2
Let v(o) be the first derivative of o**4/2 - 10*o**3/3 + 3*o**2/2 - 14*o + 2682. Give v(5).
1
Let l(w) = w. Let y(r) = -2*r + 2. Let u = 7 - 11. Let b(n) = u*l(n) - y(n). Suppose -8*j + 45 = -17*j. Determine b(j).
8
Let u(p) be the first derivative of 2*p + 166 + 1/2*p**2 - 4/3*p**3. Calculate u(-1).
-3
Let q(o) = 8*o + 56. Let b be q(-6). Let h be ((-20)/b)/(8/(-16)). Let j(a) = -a**2 + 5*a. Give j(h).
0
Let p(z) = -z - 9. Let s be ((-13)/(-26) + (-4)/2)*-64. Suppose s = -13*o + o. Calculate p(o).
-1
Let d(k) be the second derivative of -2*k**3/3 + k**2/2 - 5*k. Suppose 24*w - 132 = 13*w. Suppose 0 = 3*c - 2*t + 9, 28 = -c + 5*t + w. What is d(c)?
5
Let c be -448 - (1 - (-10)/(-2)). Let a = c - -441. Let r(d) = d**3 - 3*d + 2. What is r(a)?
-16
Suppose 28*g + 12 = 27*g. Let l be (3/12)/((-33)/g + -3). Let b(v) = 7*v - 1. Give b(l).
-8
Let u(m) = -m - 3. Suppose -5*r - 3 = -28. Suppose 0*b - 15 = -b - 5*n, 5*b = r*n - 75. Let q be ((-88)/55)/((-2)/b) + 1. Give u(q).
4
Let w(j) = 3*j**2 + 3*j + 2. Let u be (-4587)/6*-4 + (0 - 3). Let f be u/585 + 0 + (-2)/9. Suppose -f*h + 35 = -5*o, -o + 0*o + 3*h = 17. Determine w(o).
8
Let r(z) be the second derivative of -z**7/840 - z**6/90 - z**5/30 - z**4/24 - 19*z**3/2 - 15*z - 3. Let h(i) be the second derivative of r(i). Give h(-3).
2
Let s(x) = -x**2 + 8*x - 15. Let y be ((-5984)/17)/11*1/(-4). What is s(y)?
-15
Let y(d) = 7*d. Suppose 2*m + 204 = -j, -2*j = 2*j + 2*m + 816. Let u = j - -203. Calculate y(u).
-7
Let i(w) be the first derivative of -4*w**2 + 14*w - 797. Determine i(3).
-10
Let x(f) be the first derivative of -f**3/3 + 3*f**2 + 45*f - 189. Give x(10).
5
Let i(x) be the second derivative of -x**5/20 + 7*x**4/12 + x**3/3 + 3*x**2/2 - 854*x. Suppose -d = t - 2, -8*t + 6*t - 4*d = 6. Calculate i(t).
17
Let a(h) = 4*h**2 - 8 + 48*h - 49*h + 4. Calculate a(-2).
14
Let o(u) = 380*u - 5. Let t(s) = 695*s - 10. Let c(q) = -9*o(q) + 5*t(q). Calculate c(-2).
-115
Let u = -171 + 179. Let g(m) = 2*m - 7. Let y(o) = o**2 - o - 11. Let h be y(-4). Let w(p) = 4*p - 14. Let r(n) = h*g(n) - 4*w(n). What is r(u)?
9
Let v(c) = 3*c**2 - 1. Let s(k) = -k**2 - 1. Let j = 36 - 33. Suppose -2*u + j*z = 14, 4*u - 5*z = u - 23. Let g(i) = u*v(i) - 2*s(i). Give g(-4).
-13
Let w(k) = -2*k**2 - 9. Suppose 25 = 47*r + 25. Determine w(r).
-9
Let q(t) be the second derivative of -t**5/60 - t**4/8 + t**3/6 - 30*t**2 + 3*t - 16. Let n(g) be the first derivative of q(g). What is n(-3)?
1
Suppose 4*y + 0*a = -5*a - 13, -12*y = -3*a - 51. Let o(u) be the first derivative of -3/4*u**4 - u + 1/2*u**2 + 1/3*u**y - 6. Determine o(2).
-19
Let s(l) = -3*l + 128. Let o be s(38). Let t(d) = -d + 31. Determine t(o).
17
Let k = 63 - 62. Let b = 50 + k. Let j = b + -45. Let s(f) = -f**2 + 6*f + 1. Give s(j).
1
Let o(z) = 2*z**3 - 6*z**2 - 9*z + 8. Let n be 1/(-2) + ((-42441)/(-9306) - 4/66). Determine o(n).
4
Let d(q) = -q**3 - 3*q**2 + 3*q + 4. Let b be ((-6)/(-5))/((-4)/(-90)) + -2. Let v = b + -15. Suppose 4*p = -v - 2. Give d(p).
-5
Let m(u) = 14*u**2 + 5*u + 4. Let l(i) = i**2 + i + 1